140. Let x = m - -120. What is the greatest common divisor of t and x?
9
Let m = -94 + 132. Suppose -2*t + m = 5*k - 34, 3*k + 3*t - 36 = 0. What is the highest common factor of k and 160?
16
Let g = 14 - 8. Suppose -5*r + 24 = -g. Calculate the greatest common divisor of 15 and r.
3
Suppose s = -2*f + 8, -s - 3 = 4*f - 1. Calculate the highest common divisor of 2 and s.
2
Suppose -138 = -5*z - 2*y - 2, 4*y - 64 = -2*z. Calculate the highest common factor of 130 and z.
26
Suppose 6*x - 20 = x. Suppose 5*d - 69 = -0*n + x*n, 0 = -3*d - 4*n + 35. What is the greatest common factor of d and 91?
13
Suppose 3*l + 9 = 0, 1 = s + 2*l - 1. Calculate the greatest common factor of 32 and s.
8
Suppose -7*k = -0*k - 21. Let v be (-2)/(-4)*-1*-10. Suppose a + 298 = v*g, -227 = -k*g - 3*a - 41. Calculate the greatest common divisor of g and 12.
12
Suppose 5*b - 85 = 2*f + 3*f, -2*f + 32 = b. Let z = 60 - 33. Let j = z - -6. What is the greatest common factor of b and j?
11
Suppose 4*z - 142 = -3*x, -3*x = -5*z + 8*z - 108. Calculate the greatest common factor of 51 and z.
17
Let p be (-1)/(-3)*(-12)/(-2) - -16. Calculate the greatest common divisor of p and 63.
9
Let l be 8/(-6)*15/(-2). Calculate the greatest common divisor of l and 90.
10
Let x(f) = -3*f - 4. Let g be x(-3). Suppose -5*r = -4*b + 169, b + r = g*r + 56. Let w = -13 + 22. Calculate the highest common divisor of b and w.
9
Let y(f) = -3*f - 5. Let a be y(-9). Let v = a + -15. Calculate the highest common divisor of v and 14.
7
Suppose -3*l + 10 + 14 = 5*d, 4*d - 15 = -l. Suppose 2*t = -3*m + 109, d*m + 2*t = -2*m + 175. Calculate the highest common divisor of m and 11.
11
Let v be (-10)/65 - 28/(-13). Suppose j + l = v*j - 1, -2 = 2*j - 3*l. Let g(s) = s**2 - 5*s + 9. Let b be g(6). What is the highest common divisor of j and b?
5
Let f = -34 - -70. Calculate the highest common factor of f and 9.
9
Let x be ((-10)/(-6))/(2/30). Suppose 5*j = -0*j + x. Calculate the highest common factor of 5 and j.
5
Suppose 4*n - 5 = -n. Let o be 2*n + (-2 - 0). Suppose 2 = 2*x - o. Calculate the highest common factor of x and 2.
1
Let k = 3 - -11. Calculate the highest common divisor of k and 98.
14
Let h(b) = -33*b**3 - 2*b**2 + 3*b + 3. Let o be h(2). Let c(j) = 93*j - 9. Let u be c(6). Let z = u + o. Calculate the greatest common factor of 26 and z.
26
Suppose 32 = 2*p + 86. Let b = p + 40. Calculate the highest common factor of b and 13.
13
Let x = 136 + -124. What is the greatest common factor of x and 30?
6
Suppose 2*q + 79 = 5*u + 23, -58 = -5*u + q. Suppose 0 = -7*r + 4*r + 18. What is the highest common factor of r and u?
6
Suppose 3*p + h - 11 = 0, 5*h - 13 = p + 2*h. Suppose -36 = -6*r + p*r. Calculate the greatest common divisor of r and 45.
9
Suppose 3*g = 5*h + 71, 2*g + 2*h - 138 = -2*g. Let i = 390 - 166. What is the greatest common divisor of i and g?
32
Suppose x - 6*x = -60. Suppose 3*t = t + x. Calculate the highest common factor of t and 48.
6
Suppose 5*a = 3*a. Suppose f + 135 = 3*q, 2*q - q - 5*f - 59 = a. Let c(p) = p**2 - p - 2. Let m be c(-2). Calculate the highest common factor of m and q.
4
Let t(w) = -w**3 - 6*w**2 + 5. Let d = -16 - -10. Let j be t(d). Suppose -r - f - 4 = -49, -228 = -j*r - 4*f. What is the greatest common factor of r and 16?
16
Suppose -3*g = -g - 4*p - 38, -2*g - 3*p = -45. Calculate the greatest common factor of 7 and g.
7
Let z(l) = l**3 + 9*l**2 - l - 27. Let p be z(-8). Calculate the greatest common divisor of 36 and p.
9
Let p be 5 + -9 - 24/3. Let h = 107 + p. What is the highest common factor of h and 38?
19
Let v be (-7)/(-2)*(-24)/(-28). Suppose -3*x - 3*d + 84 = 0, -2*x - v*d = -0*x - 55. Calculate the greatest common divisor of x and 145.
29
Let p(g) = 2 + 5*g + 0*g - 2*g. Let l be 6/(-51) + 72/34. Let u be p(l). Calculate the highest common divisor of 20 and u.
4
Let b = 37 - 2. What is the greatest common factor of 7 and b?
7
Let y(p) = p**3 + 3*p**2 + p - 1. Let r be y(-2). What is the greatest common factor of r and 3?
1
Suppose 0*u + 3*u - 2*c - 68 = 0, 48 = 2*u - 2*c. Calculate the greatest common divisor of u and 15.
5
Let j(t) = t**2 - 1. Let q be j(-3). What is the greatest common factor of q and 1?
1
Let w(m) = m**3 - 4*m**2 + m + 3. Let u be w(4). Let p = u - 11. Let b(s) = -3*s + 1. Let c be b(p). What is the highest common factor of 13 and c?
13
Suppose -3*c = -4*c - 23. Suppose -3*j = 5*d + 2, -3*d - 14 = 3*j + 2*j. Let y be (-6)/(4/d) - c. What is the highest common factor of 20 and y?
20
Suppose -4*f + 2*y = -10, -2*y = -f + 3 - 2. Let g be 2*(3 + -2) + 0. Calculate the highest common factor of g and f.
1
Suppose 0*g + 4 = -f - g, -3*g = 2*f + 12. Suppose f*c - 84 = -3*c. What is the highest common factor of c and 70?
14
Let x = -4 + 16. Calculate the greatest common divisor of 108 and x.
12
Let k(f) = 5*f**2 - 16*f - 46. Let a(p) = p**2 - 3*p - 9. Let o(t) = 11*a(t) - 2*k(t). Let x be o(5). What is the highest common factor of 104 and x?
13
Suppose -22 = -z + 2*p + 2*p, -5*z - 5*p + 235 = 0. What is the highest common factor of 28 and z?
14
Suppose 2*r = 3*w - 118, -3*w - 3*r - 123 = -6*w. Calculate the greatest common factor of w and 4.
4
Let a(b) = -b**2 - 13*b - 30. Let t be a(-9). What is the greatest common divisor of t and 48?
6
Suppose 2*t + 614 = 3*n - 3*t, -3*t = -6. Calculate the highest common divisor of n and 26.
26
Suppose 0*k + 5*k = 1505. Let p = k + -148. Calculate the greatest common factor of 17 and p.
17
Let f = 13 - 10. Suppose -f*x = -l + 18, l - 2*l + 4*x + 20 = 0. Calculate the highest common divisor of l and 84.
12
Suppose w = b - 90, -b + w = 3*w - 105. What is the greatest common factor of 19 and b?
19
Suppose 9 = -2*m + 59. Let v = m - 5. Calculate the greatest common factor of v and 80.
20
Let n = -1 - 4. Let l(d) = 4*d**2 - d - 6. Let a be l(n). What is the highest common factor of a and 9?
9
Let s(v) = 7*v**2 - 10 - 9*v**2 + 4*v**2 - 3*v - v**2. Let z be s(7). What is the highest common factor of 6 and z?
6
Let d = 1 + 3. Suppose 0 = -d*q + q. Suppose q = 5*c - 117 - 103. What is the highest common divisor of c and 4?
4
Let z(m) = m**2 + 12*m - 20. Let n be z(-14). Let k be (n/(-4) - -8) + 2. Calculate the highest common factor of 8 and k.
8
Let f = 15 + -11. Let s = 15 - f. Calculate the greatest common factor of s and 11.
11
Let a(o) = o**2 - 8*o + 11. Let s be a(9). Let h = 138 - 439. Let p = h - -501. Calculate the greatest common factor of s and p.
20
Suppose -3*p = -5 - 1. Suppose -96 = -3*m - 2*f, p*m - 3*f + 2*f - 57 = 0. Let j be (0 - -20)*(-6)/(-12). Calculate the greatest common factor of j and m.
10
Suppose 5*n + 504 = -4*a, 4*n + 6*a + 400 = 2*a. Let h = n - -236. What is the highest common factor of 12 and h?
12
Let l be 4/2 + (0 - 0). Suppose -l*n = -0*n + 2. Let q(x) = -177*x - 1. Let v be q(n). Calculate the greatest common divisor of v and 16.
16
Let b(o) = 2*o**2 + o - 5. Let q be b(-5). Let r be (32/6)/((-1)/(-3)). What is the greatest common divisor of r and q?
8
Suppose -2*q = 2*q - 36. Suppose -g = -120 + 39. Calculate the greatest common divisor of g and q.
9
Suppose 0 = -2*d + 4*o + 40, -o = 4*d - 2*o - 45. What is the greatest common divisor of d and 25?
5
Suppose 4*b = 401 - 121. Let s be (0 - 25)*12/(-30). What is the greatest common divisor of b and s?
10
Suppose -j - 306 = -7*j. What is the greatest common divisor of j and 17?
17
Let q = 41 - 24. Suppose 3*a - 10 = q. What is the greatest common factor of 3 and a?
3
Let i(n) = 62*n + 2. Let z be i(2). Suppose 0 = 4*g - 6*g + 102. Suppose 2*h = 5*m + g, -h + 4*m + 24 = 2*m. Calculate the highest common factor of h and z.
18
Let r = 6 - 2. Suppose -48 = r*d - 3*d. Let c be d/(-20)*(-15)/(-2). What is the highest common divisor of 18 and c?
18
Let r(y) = y**2 - 6*y - 5. Let i be r(7). Suppose 5*v - 33 = i*v. Calculate the greatest common divisor of v and 99.
11
Let l be (-2 + 0)/2*-5. Suppose -t + 1 = 2*r, 2*r - 9 = -l*t + 12. Suppose -5 = -t*p + 5. What is the greatest common divisor of p and 2?
2
Suppose 10 = 5*m - 5*o, -2*o = o. Let r(w) = 0*w**2 - 4*w + 6*w + w**m + 6. Let h be r(-5). What is the greatest common divisor of 14 and h?
7
Let b(s) = 6*s**2 + s - 1. Let f be b(3). What is the highest common factor of f 